is the highest common factor of 9273 and 639648449?
3091
What is the highest common factor of 104 and 558954474?
26
Calculate the highest common factor of 32853732 and 588.
12
What is the highest common divisor of 189144 and 137048?
296
What is the highest common divisor of 213388 and 42?
14
What is the greatest common divisor of 14072103 and 2736?
171
What is the highest common divisor of 4009 and 213?
1
What is the greatest common factor of 133977 and 47?
1
What is the greatest common factor of 76 and 745706908?
76
Calculate the greatest common factor of 8641280 and 80.
80
Calculate the highest common divisor of 12897 and 8199.
9
What is the greatest common divisor of 59832 and 20997?
9
Calculate the highest common divisor of 1377183 and 33.
3
Calculate the greatest common divisor of 29032 and 266.
38
What is the greatest common divisor of 21135 and 71905497?
4227
What is the greatest common factor of 9882 and 189810?
54
Calculate the greatest common divisor of 50527861 and 3317.
3317
What is the highest common factor of 31824663 and 1357?
23
What is the greatest common factor of 630 and 1190790?
90
What is the highest common factor of 1078 and 82147373?
539
What is the highest common factor of 348 and 1681080?
12
Calculate the greatest common divisor of 22698195 and 45.
15
Calculate the greatest common divisor of 32 and 35621124.
4
What is the highest common factor of 12279 and 162283357?
4093
What is the greatest common factor of 193518 and 702?
234
What is the greatest common factor of 929723306 and 13864?
3466
Calculate the greatest common factor of 7218 and 384858.
18
Calculate the greatest common factor of 51737 and 3313891.
2723
Calculate the highest common divisor of 136533 and 323064.
1923
What is the greatest common divisor of 131811 and 7406286?
2487
What is the greatest common factor of 88 and 3005992?
88
What is the greatest common factor of 13 and 1508146861?
13
Calculate the highest common divisor of 7497 and 2778888.
2499
What is the highest common factor of 226258973 and 1514?
757
What is the highest common divisor of 219 and 848493?
3
Calculate the greatest common divisor of 44823 and 1242779.
223
What is the greatest common factor of 2308945 and 14045?
265
Calculate the greatest common divisor of 8295 and 2359651.
553
Calculate the greatest common factor of 90200 and 2456800.
200
Calculate the greatest common factor of 61381245 and 15.
15
Calculate the highest common divisor of 23808737 and 514.
257
Calculate the greatest common divisor of 296 and 594.
2
What is the highest common factor of 76991235 and 115?
115
What is the greatest common factor of 2337777 and 4823?
689
What is the greatest common divisor of 3488556 and 14673?
201
What is the highest common factor of 129338 and 8089504?
11758
Calculate the highest common divisor of 261 and 252171.
9
What is the greatest common divisor of 172386243 and 67?
67
Calculate the greatest common factor of 28129239 and 41.
41
Calculate the highest common divisor of 1375 and 668375.
125
What is the highest common divisor of 2677602 and 153?
51
Calculate the greatest common divisor of 11306525 and 6597.
733
Calculate the greatest common divisor of 9 and 1650267.
9
What is the greatest common divisor of 57522144 and 11940?
2388
What is the greatest common factor of 96 and 7751112?
24
Calculate the greatest common factor of 189285460 and 676.
52
Calculate the greatest common divisor of 56593640 and 29140.
940
Calculate the greatest common divisor of 618 and 66645429.
309
Calculate the highest common factor of 449505 and 675.
45
Calculate the highest common factor of 9519 and 80313.
57
Calculate the greatest common divisor of 37580082 and 16962.
1542
What is the highest common factor of 45179115 and 1530?
255
Calculate the greatest common divisor of 38444492 and 5072.
1268
What is the highest common factor of 45234 and 1302546?
42
Calculate the highest common divisor of 647390 and 27470.
410
What is the highest common factor of 3882492 and 10530?
162
Calculate the highest common factor of 2941 and 310708.
173
What is the greatest common factor of 22 and 774822598?
22
Calculate the highest common divisor of 54 and 5582880.
18
Calculate the greatest common divisor of 7912 and 2834474.
1978
What is the highest common divisor of 322006 and 514231?
233
What is the highest common divisor of 1387770 and 1880830?
2770
What is the highest common divisor of 132299185 and 19?
19
What is the highest common factor of 5390 and 37298030?
770
Calculate the greatest common divisor of 1236994 and 254408.
1298
What is the highest common factor of 653819448 and 318?
318
Calculate the greatest common factor of 1486 and 115870850.
1486
What is the highest common divisor of 47592 and 302738?
1322
What is the highest common factor of 63504 and 2565738?
882
Calculate the greatest common divisor of 4703034 and 1176.
42
What is the highest common divisor of 184224 and 437152?
608
Calculate the greatest common factor of 574 and 38286661.
287
What is the greatest common divisor of 144 and 87595632?
144
Calculate the greatest common factor of 3817 and 71120079.
347
Calculate the greatest common divisor of 360 and 2345184.
72
Calculate the highest common divisor of 124 and 94309967.
31
What is the greatest common factor of 909 and 148626?
9
Calculate the greatest common factor of 122803 and 74851.
37
Calculate the highest common factor of 157219560 and 48.
24
What is the greatest common divisor of 198042779 and 1991?
1991
What is the highest common factor of 9145 and 2899555?
295
Calculate the highest common divisor of 323838 and 4429784.
3998
Calculate the highest common factor of 87 and 23635.
29
What is the highest common divisor of 478 and 299483730?
478
What is the greatest common divisor of 13 and 7875452?
13
Calculate the greatest common factor of 720 and 481500.
180
Calculate the greatest common divisor of 3545 and 77317159.
709
What is the highest common divisor of 62247 and 300?
3
What is the highest common factor of 3159 and 59074353?
1053
What is the greatest common divisor of 304 and 329318032?
304
Calculate the highest common factor of 264682 and 641300.
1166
Calculate the highest common factor of 28031807 and 5767.
79
Calculate the greatest common factor of 811454 and 180439.
1043
Calculate the greatest common factor of 955859 and 31127.
17
What is the greatest common divisor of 4150 and 172?
2
Calculate the highest common divisor of 14 and 106331246.
14
Calculate the greatest common divisor of 524 and 684969263.
131
What is the highest common divisor of 313192 and 88?
88
What is the greatest common divisor of 2981480 and 740?
20
What is the highest common factor of 430 and 213970?
10
Calculate the highest common factor of 79907520 and 39468.
3036
Calculate the greatest common divisor of 1879859 and 1702.
851
What is the highest common factor of 158576 and 140272?
176
What is the greatest common divisor of 5732270 and 270?
10
What is the highest common divisor of 91 and 4410994?
7
What is the greatest common divisor of 26937216 and 1408?
128
Calculate the highest common factor of 4391746 and 816.
34
What is the highest common divisor of 8415048 and 27897?
1641
What is the highest common factor of 3210 and 3827390?
1070
What is the highest common factor of 3869709 and 20667?
249
What is the highest common factor of 75339 and 132?
33
Calculate the highest common factor of 20 and 84004468.
4
Calculate the greatest common factor of 164 and 29851608.
164
Calculate the highest common factor of 1391336750 and 95.
95
What is the highest common divisor of 5870 and 228318346?
1174
What is the greatest common divisor of 541030446 and 2178?
2178
Calculate the greatest common factor of 5622679 and 219.
73
Calculate the highest common factor of 9475 and 174875.
25
Calculate the highest common divisor of 703334530 and 1660.
830
What is the highest common divisor of 9210132 and 81?
27
Calculate the greatest common factor of 7668639 and 27.
9
Calculate the greatest common factor of 4 and 886798.
2
Calculate the greatest common divisor of 69748 and 10395084.
1316
Calculate the greatest common factor of 38 and 765876.
2
Calculate the greatest common divisor of 13849 and 8173.
11
What is the highest common divisor o